ghest common divisor of 942 and 6.
6
Calculate the highest common factor of 144 and 90.
18
What is the greatest common factor of 25 and 400?
25
What is the greatest common divisor of 24 and 21?
3
Calculate the highest common factor of 201 and 536.
67
What is the highest common divisor of 448 and 49?
7
What is the greatest common factor of 91 and 1456?
91
What is the highest common factor of 322 and 14?
14
What is the greatest common factor of 11 and 2816?
11
Calculate the highest common divisor of 49 and 294.
49
Calculate the highest common factor of 572 and 26.
26
Calculate the greatest common divisor of 7352 and 16.
8
Calculate the greatest common divisor of 60 and 132.
12
Calculate the greatest common divisor of 2448 and 936.
72
Calculate the highest common divisor of 165 and 45.
15
Calculate the highest common divisor of 3 and 53.
1
Calculate the highest common factor of 13 and 169.
13
What is the highest common divisor of 876 and 8?
4
What is the greatest common factor of 9 and 378?
9
What is the highest common factor of 28 and 3878?
14
What is the greatest common factor of 38 and 3097?
19
What is the highest common divisor of 184 and 138?
46
What is the highest common factor of 711 and 79?
79
What is the highest common divisor of 408 and 30?
6
What is the greatest common divisor of 187 and 323?
17
What is the greatest common divisor of 909 and 9?
9
Calculate the highest common divisor of 679 and 485.
97
What is the highest common divisor of 1034 and 22?
22
What is the highest common factor of 94617 and 9?
9
What is the greatest common divisor of 35 and 28?
7
Calculate the greatest common divisor of 832 and 156.
52
What is the highest common factor of 99 and 378?
9
Calculate the highest common divisor of 13608 and 224.
56
Calculate the greatest common divisor of 19 and 152.
19
Calculate the highest common factor of 7 and 2219.
7
Calculate the greatest common factor of 1530 and 36.
18
What is the highest common factor of 155 and 5?
5
What is the highest common divisor of 432 and 4428?
108
Calculate the greatest common factor of 29 and 899.
29
What is the highest common factor of 3450 and 600?
150
Calculate the highest common factor of 5160 and 1380.
60
Calculate the highest common factor of 6 and 790.
2
Calculate the greatest common divisor of 85 and 95.
5
Calculate the greatest common factor of 765 and 90.
45
Calculate the highest common factor of 1024 and 16.
16
Calculate the greatest common divisor of 3 and 169.
1
Calculate the highest common factor of 20 and 4.
4
Calculate the highest common divisor of 8712 and 144.
72
What is the highest common factor of 2033 and 107?
107
What is the greatest common factor of 6 and 87?
3
What is the greatest common factor of 75 and 25275?
75
What is the greatest common divisor of 42 and 6566?
14
Calculate the highest common factor of 2904 and 198.
66
What is the highest common factor of 1840 and 224?
16
Calculate the greatest common factor of 2794 and 889.
127
What is the greatest common divisor of 71 and 497?
71
Calculate the greatest common factor of 183 and 2989.
61
What is the greatest common divisor of 1458 and 6?
6
What is the greatest common factor of 10 and 20?
10
What is the greatest common divisor of 1313 and 13?
13
What is the greatest common factor of 55 and 308?
11
Calculate the highest common factor of 187 and 42449.
187
What is the greatest common factor of 96 and 488?
8
Calculate the highest common factor of 20 and 90.
10
Calculate the highest common divisor of 812 and 6293.
203
Calculate the greatest common factor of 2776 and 1735.
347
What is the greatest common factor of 1694 and 14762?
242
What is the greatest common factor of 72 and 792?
72
What is the greatest common divisor of 41190 and 90?
30
Calculate the greatest common factor of 128 and 1728.
64
Calculate the greatest common divisor of 99 and 3.
3
Calculate the highest common factor of 175 and 49.
7
Calculate the greatest common factor of 338 and 2.
2
What is the highest common factor of 11460 and 12?
12
What is the highest common factor of 195 and 39?
39
What is the highest common divisor of 210 and 490?
70
Calculate the greatest common divisor of 52 and 1144.
52
What is the highest common divisor of 46 and 16?
2
What is the greatest common factor of 233 and 29591?
233
What is the highest common factor of 917 and 393?
131
Calculate the greatest common factor of 434 and 186.
62
What is the highest common factor of 24 and 7352?
8
Calculate the highest common divisor of 20 and 4.
4
What is the highest common divisor of 10 and 4265?
5
What is the greatest common factor of 24111 and 81?
27
What is the greatest common factor of 950 and 25?
25
Calculate the highest common factor of 8029 and 868.
217
What is the greatest common divisor of 65 and 5?
5
Calculate the greatest common divisor of 874 and 38.
38
What is the greatest common divisor of 920 and 345?
115
What is the highest common divisor of 76 and 4864?
76
Calculate the highest common divisor of 108 and 2724.
12
Calculate the greatest common divisor of 315 and 910.
35
Calculate the highest common factor of 520 and 700.
20
What is the greatest common divisor of 6250 and 150?
50
What is the greatest common divisor of 134 and 6566?
134
What is the greatest common divisor of 57848 and 56?
56
What is the highest common factor of 244 and 2?
2
What is the highest common divisor of 103 and 4?
1
What is the highest common factor of 238 and 210?
14
What is the greatest common factor of 24 and 24?
24
What is the greatest common factor of 684 and 192?
12
What is the highest common factor of 2337 and 57?
57
Calculate the greatest common divisor of 162 and 198.
18
What is the greatest common factor of 26 and 19318?
26
Calculate the highest common divisor of 645 and 10707.
129
Calculate the greatest common factor of 21 and 6.
3
What is the highest common divisor of 882 and 84?
42
Calculate the greatest common divisor of 20700 and 1840.
460
Calculate the greatest common factor of 32312 and 112.
56
What is the greatest common factor of 4 and 404?
4
What is the greatest common divisor of 160 and 880?
80
Calculate the highest common factor of 598 and 14651.
299
Calculate the greatest common divisor of 45 and 57945.
15
Calculate the greatest common factor of 162 and 14148.
54
Calculate the highest common factor of 255 and 17.
17
Calculate the highest common divisor of 72086 and 266.
266
What is the greatest common factor of 4 and 4556?
4
Calculate the highest common divisor of 18 and 1302.
6
What is the greatest common factor of 21 and 45?
3
What is the highest common divisor of 11 and 19?
1
What is the highest common factor of 25 and 145?
5
What is the highest common factor of 147 and 336?
21
Calculate the highest common divisor of 152 and 32.
8
What is the greatest common divisor of 3740 and 88?
44
Calculate the highest common divisor of 300 and 4700.
100
What is the greatest common factor of 1963 and 39?
13
Calculate the greatest common divisor of 20 and 11140.
20
What is the highest common divisor of 12 and 540?
12
Calculate the greatest common divisor of 12 and 886.
2
What is the highest common divisor of 279 and 31?
31
What is the greatest common divisor of 46630 and 20?
10
Calculate the highest common divisor of 6 and 5172.
6
What is the greatest common factor of 48 and 246?
6
Calculate the greatest common factor of 795 and 90.
15
What is the highest common divisor of 954 and 18?
18
What is the highest common factor of 27 and 549?
9
Calculate the greatest common divisor of 97 and 1552.
97
Calculate the highest common divisor of 930 and 20.
10
Calculate the highest common divisor of 105 and 15.
15
What is the highest common divisor of 154 and 22?
22
Calculate the greatest common factor of 72 and 3288.
24
What is the greatest common factor of 66 and 66?
66
What is the greatest common factor of 536 and 44?
4
What is the highest common factor of 52 and 16?
4
Calculate the greatest common factor of 7225 and 100.
25
What is the greatest common divisor of 96 and 624?
48
What is the greatest common factor of 15 and 795?
15
What is the highest common divisor of 135 and 18?
9
Calculate the highest common divisor of 3135 and 60.
15
What is the greatest common factor of 3233 and 183?
61
Calcula